{"id":2,"date":"2023-05-19T17:15:12","date_gmt":"2023-05-19T20:15:12","guid":{"rendered":"http:\/\/new.vdgtech.com.br\/?page_id=2"},"modified":"2023-05-20T14:41:17","modified_gmt":"2023-05-20T17:41:17","slug":"services","status":"publish","type":"page","link":"https:\/\/new.vdgtech.com.br\/index.php\/services\/","title":{"rendered":"Nossos Servi\u00e7os"},"content":{"rendered":"\n<p><strong>A resson\u00e2ncia magn\u00e9tica \u00e9 uma das mais avan\u00e7adas tecnologias de imagem dispon\u00edveis na \u00e1rea m\u00e9dica atualmente. As bobinas de resson\u00e2ncia magn\u00e9tica s\u00e3o uma parte essencial do equipamento.<\/strong><\/p>\n\n\n\n<figure class=\"wp-block-image size-large\"><img decoding=\"async\" loading=\"lazy\" width=\"1024\" height=\"639\" src=\"http:\/\/new.vdgtech.com.br\/wp-content\/uploads\/2023\/05\/Imagem-do-WhatsApp-de-2023-05-20-as-12.20.03-1024x639.jpg\" alt=\"\" class=\"wp-image-123\" srcset=\"https:\/\/new.vdgtech.com.br\/wp-content\/uploads\/2023\/05\/Imagem-do-WhatsApp-de-2023-05-20-as-12.20.03-1024x639.jpg 1024w, https:\/\/new.vdgtech.com.br\/wp-content\/uploads\/2023\/05\/Imagem-do-WhatsApp-de-2023-05-20-as-12.20.03-300x187.jpg 300w, https:\/\/new.vdgtech.com.br\/wp-content\/uploads\/2023\/05\/Imagem-do-WhatsApp-de-2023-05-20-as-12.20.03-768x479.jpg 768w, https:\/\/new.vdgtech.com.br\/wp-content\/uploads\/2023\/05\/Imagem-do-WhatsApp-de-2023-05-20-as-12.20.03-1536x958.jpg 1536w, https:\/\/new.vdgtech.com.br\/wp-content\/uploads\/2023\/05\/Imagem-do-WhatsApp-de-2023-05-20-as-12.20.03.jpg 1600w\" sizes=\"(max-width: 1024px) 100vw, 1024px\" \/><\/figure>\n\n\n\n<ul>\n<li>Fazemos Raio X digital na chegada da bobina ao laborat\u00f3rio<\/li>\n\n\n\n<li>Reparo eletr\u00f4nico das placas e circuitos<\/li>\n\n\n\n<li>Calibra\u00e7\u00e3o (Matching e Tuning) e cable Trap<\/li>\n<\/ul>\n\n\n\n<hr class=\"wp-block-separator has-alpha-channel-opacity\"\/>\n\n\n\n<figure class=\"wp-block-image size-large\"><img decoding=\"async\" loading=\"lazy\" width=\"1024\" height=\"682\" src=\"http:\/\/new.vdgtech.com.br\/wp-content\/uploads\/2023\/05\/Imagem-do-WhatsApp-de-2023-05-19-as-16.41.26-1024x682.jpg\" alt=\"\" class=\"wp-image-48\" srcset=\"https:\/\/new.vdgtech.com.br\/wp-content\/uploads\/2023\/05\/Imagem-do-WhatsApp-de-2023-05-19-as-16.41.26-1024x682.jpg 1024w, https:\/\/new.vdgtech.com.br\/wp-content\/uploads\/2023\/05\/Imagem-do-WhatsApp-de-2023-05-19-as-16.41.26-300x200.jpg 300w, https:\/\/new.vdgtech.com.br\/wp-content\/uploads\/2023\/05\/Imagem-do-WhatsApp-de-2023-05-19-as-16.41.26-768x512.jpg 768w, https:\/\/new.vdgtech.com.br\/wp-content\/uploads\/2023\/05\/Imagem-do-WhatsApp-de-2023-05-19-as-16.41.26-1536x1023.jpg 1536w, https:\/\/new.vdgtech.com.br\/wp-content\/uploads\/2023\/05\/Imagem-do-WhatsApp-de-2023-05-19-as-16.41.26-360x240.jpg 360w, https:\/\/new.vdgtech.com.br\/wp-content\/uploads\/2023\/05\/Imagem-do-WhatsApp-de-2023-05-19-as-16.41.26.jpg 1600w\" sizes=\"(max-width: 1024px) 100vw, 1024px\" \/><\/figure>\n\n\n\n<ul>\n<li>Reposi\u00e7\u00e3o de componentes<\/li>\n\n\n\n<li>Reparo em cabos e malhas (Quando poss\u00edvel)<\/li>\n\n\n\n<li>Reposi\u00e7\u00e3o de pinos e conectores<\/li>\n<\/ul>\n\n\n\n<hr class=\"wp-block-separator has-alpha-channel-opacity\"\/>\n\n\n\n<figure class=\"wp-block-image size-large\"><img decoding=\"async\" loading=\"lazy\" width=\"1024\" height=\"823\" src=\"http:\/\/new.vdgtech.com.br\/wp-content\/uploads\/2023\/05\/IMG-20230519-WA0047-1024x823.jpg\" alt=\"\" class=\"wp-image-62\" srcset=\"https:\/\/new.vdgtech.com.br\/wp-content\/uploads\/2023\/05\/IMG-20230519-WA0047-1024x823.jpg 1024w, https:\/\/new.vdgtech.com.br\/wp-content\/uploads\/2023\/05\/IMG-20230519-WA0047-300x241.jpg 300w, https:\/\/new.vdgtech.com.br\/wp-content\/uploads\/2023\/05\/IMG-20230519-WA0047-768x617.jpg 768w, https:\/\/new.vdgtech.com.br\/wp-content\/uploads\/2023\/05\/IMG-20230519-WA0047.jpg 1280w\" sizes=\"(max-width: 1024px) 100vw, 1024px\" \/><\/figure>\n\n\n\n<ul>\n<li>Troca de cabo parcial ou full<\/li>\n\n\n\n<li>Galvanoplastia especializada<\/li>\n\n\n\n<li>Simula\u00e7\u00e3o em bancada<\/li>\n\n\n\n<li>Manuten\u00e7\u00e3o de est\u00e9tica, cosm\u00e9tica e mec\u00e2nica<\/li>\n<\/ul>\n","protected":false},"excerpt":{"rendered":"<p>A resson\u00e2ncia magn\u00e9tica \u00e9 uma das mais avan\u00e7adas tecnologias de imagem dispon\u00edveis na \u00e1rea m\u00e9dica atualmente. As bobinas de resson\u00e2ncia magn\u00e9tica s\u00e3o uma parte essencial do equipamento.<\/p>\n","protected":false},"author":1,"featured_media":0,"parent":0,"menu_order":0,"comment_status":"closed","ping_status":"closed","template":"","meta":{"_mi_skip_tracking":false,"_joinchat":[]},"aioseo_notices":[],"_links":{"self":[{"href":"https:\/\/new.vdgtech.com.br\/index.php\/wp-json\/wp\/v2\/pages\/2"}],"collection":[{"href":"https:\/\/new.vdgtech.com.br\/index.php\/wp-json\/wp\/v2\/pages"}],"about":[{"href":"https:\/\/new.vdgtech.com.br\/index.php\/wp-json\/wp\/v2\/types\/page"}],"author":[{"embeddable":true,"href":"https:\/\/new.vdgtech.com.br\/index.php\/wp-json\/wp\/v2\/users\/1"}],"replies":[{"embeddable":true,"href":"https:\/\/new.vdgtech.com.br\/index.php\/wp-json\/wp\/v2\/comments?post=2"}],"version-history":[{"count":5,"href":"https:\/\/new.vdgtech.com.br\/index.php\/wp-json\/wp\/v2\/pages\/2\/revisions"}],"predecessor-version":[{"id":133,"href":"https:\/\/new.vdgtech.com.br\/index.php\/wp-json\/wp\/v2\/pages\/2\/revisions\/133"}],"wp:attachment":[{"href":"https:\/\/new.vdgtech.com.br\/index.php\/wp-json\/wp\/v2\/media?parent=2"}],"curies":[{"name":"wp","href":"https:\/\/api.w.org\/{rel}","templated":true}]}}